2 - (-13)/6). Let d = -6 + w. Let m(j) = -j**2 + 8*j + 3. Let k be m(5). What is the highest common divisor of k and d?
6
Suppose c = -3*q + 6 - 0, 5*c - 12 = 3*q. Let t be c/(3/(-16)*-2). Let s = -4 + 16. What is the highest common factor of t and s?
4
Suppose -143 = -4*r - 15. What is the greatest common divisor of r and 4?
4
Suppose -5*l - 164 = -659. What is the greatest common divisor of 9 and l?
9
Let h = 9 + 21. Suppose -3*s + 83 = -52. Calculate the highest common factor of h and s.
15
Suppose -15*b + 88 = -4*b. What is the highest common divisor of b and 24?
8
Suppose 0 = 3*w - 272 - 25. Calculate the greatest common divisor of 9 and w.
9
Let s be (-9)/(-21) - (-162)/14. What is the greatest common factor of s and 18?
6
Suppose -2*w + 43 = -c, -16 = -w - 5*c + 11. What is the highest common factor of w and 2?
2
Suppose 2*t + 3 = -1. Let w be t/(4/(-14)) + 0. Let c = -127 + 204. Calculate the greatest common divisor of w and c.
7
Let z(a) = -a**3 - 10*a**2 - a + 2. Suppose -5*x + 4*x = 10. Let r be z(x). Let h = -26 - -38. What is the highest common divisor of h and r?
12
Let i = 36 - 32. Suppose -5*o = -4 - 16. What is the highest common divisor of o and i?
4
Suppose -5*c = -0*c - 10. Suppose 0 = -2*f - 2*f - 248. Let l = c - f. What is the highest common divisor of l and 16?
16
Suppose -2*l - 5*g + 22 = -12, 0 = -4*l - 3*g + 40. What is the greatest common factor of 77 and l?
7
Let z(o) = o**3 - 9*o**2 - 4*o + 5. Let t be z(10). What is the greatest common divisor of t and 13?
13
Let p = 80 - 67. Calculate the highest common divisor of 65 and p.
13
Suppose 0*y + 5*y - 5*p - 55 = 0, 0 = 4*y - 5*p - 45. Calculate the greatest common divisor of y and 50.
10
Suppose -4*n + 0*y + 105 = y, -5*n + 138 = -y. What is the greatest common divisor of 3 and n?
3
Let h be 2/((-1)/130*-2). What is the highest common divisor of 52 and h?
26
Let m(p) = 8*p + 3. Let k(y) = -y**3 + y**2 + 5*y + 1. Let o be k(-2). Let d be m(o). Calculate the highest common divisor of 81 and d.
27
Let n = -82 + 242. What is the highest common factor of 20 and n?
20
Let c be (2 - (-17)/2)*24. Let y be 360/12 - 4/2. Calculate the greatest common factor of y and c.
28
Let d(l) = -l**2 + 2*l + 31. Let a be d(0). What is the greatest common factor of 31 and a?
31
Let n be 12 + 1 - (-21)/(-7). Let t(y) = y + 10. Let f be t(n). Calculate the greatest common divisor of 10 and f.
10
Suppose -u = -1, u + 63 + 41 = -3*y. Let k = y + 51. Suppose -k = -0*p - 4*p. What is the greatest common divisor of p and 2?
2
Let n(f) = 7*f**2. Let a be ((-3 - -5)*-1)/2. Let p be n(a). What is the highest common factor of 7 and p?
7
Let g = 0 + 0. Suppose 2*z + 4*c - 56 = g, -z - 4*z + 88 = -3*c. Suppose 6*j - 420 = -j. Calculate the greatest common divisor of j and z.
20
Let i(k) = k**3 - 4*k**2 - k + 2. Let f be i(3). Let c = f - -21. Let l be 0 + 2 + (-4 - -79). What is the greatest common divisor of l and c?
11
Suppose 2*d + 4*p - 26 = 0, 17 = 4*d + p - 0. Let f be (3930/(-9))/((-2)/d). Suppose 0 = 4*b - f - 5. Calculate the highest common divisor of 15 and b.
15
Let n be 28/21 + (-2)/(-3). Suppose 5*c - 110 = n*c + 5*s, -4*c - s + 139 = 0. Calculate the greatest common factor of 7 and c.
7
Let l = 62 + -38. Let b be 9 - (-2 + 4)/2. Calculate the highest common factor of b and l.
8
Let h be 0/(-2) - 42/(-14). Calculate the highest common divisor of h and 21.
3
Let j(u) = 14*u. Let m be j(1). Suppose 0 = -5*x + 22 + 83. What is the greatest common divisor of m and x?
7
Suppose 2*a - 5*l - 47 = 0, 0 = a + 5*l + 4 + 10. Let x be 482/4 - 1/(-2). Calculate the greatest common factor of x and a.
11
Let u(g) = 14*g - 4. Let s be u(2). What is the greatest common factor of s and 6?
6
Suppose -4*y = -5*y. Let f be y - (1 - 1 - 2). Calculate the highest common divisor of 20 and f.
2
Suppose -q = -0 - 3. Suppose -3*u + 14 = 2*m, 4*m - 48 = 6*u - 2*u. Suppose 6*f - m = f. What is the highest common factor of q and f?
1
Let c(a) = 3*a**3 - 6*a**2 + a - 5. Let i(s) = -s**3 + s - 1. Let x(r) = c(r) + 2*i(r). Let q be x(6). What is the highest common factor of q and 1?
1
Let v be 1 + 0 + -3 + 10. What is the greatest common factor of v and 8?
8
Let o be ((-2)/6)/((-2)/36). Calculate the greatest common factor of 12 and o.
6
Let n = 272 - 149. Calculate the greatest common factor of n and 82.
41
Suppose 0 = -0*s - 2*s - 4*d + 152, 2*d + 260 = 3*s. What is the greatest common divisor of s and 28?
28
Suppose 15*q = 13*q + 72. What is the greatest common divisor of 27 and q?
9
Suppose 0 = 2*p - 2*z - 92, z = -2*p + 16 + 88. Let i = -7 + 10. Let o be (20/i)/((-2)/(-6)). What is the greatest common divisor of o and p?
10
Suppose 30 = 2*l - 98. What is the greatest common divisor of l and 96?
32
Let a = 506 + -362. Suppose -w - k - 4*k = -41, -4*w - 2*k = -74. Calculate the highest common divisor of a and w.
16
Suppose 0 = -4*y - 8 + 80. What is the greatest common divisor of 198 and y?
18
Let l = 5 - 0. Let h be ((-1)/l)/((-1)/5). Calculate the greatest common divisor of 5 and h.
1
Suppose 2*y + 0*y - 2 = 0. Let c be ((-18)/(-21))/(y/7). What is the greatest common divisor of c and 48?
6
Let j = -36 - -106. Let q = j - 45. Suppose -10 = c - 2*c. Calculate the greatest common factor of c and q.
5
Let i(f) = -f**3 - 7*f**2 + 2*f + 8. Let t be i(-7). Let r = 21 + t. What is the greatest common divisor of 5 and r?
5
Let o(a) = 10*a + 2. Let h be o(1). What is the greatest common divisor of h and 132?
12
Let g be (-2 - -1 - -7) + 0. Let u(h) = 2*h - 1. Let b be u(g). Suppose 23 = v - 2*m, 2*m + 75 = 4*v - 47. What is the highest common divisor of b and v?
11
Let f(h) = 7*h - 1. Let c be f(7). Suppose -16 = 4*j, -2*x + 4*j = x - 34. Calculate the highest common factor of c and x.
6
Suppose 4*a = a + 36. Let s(q) = 2 + 16*q - 2*q - 8. Let x be s(a). Calculate the greatest common divisor of x and 18.
18
Let y be (2 + 2 + 0)/2. Let m be (-2)/(27/(-24) + 1). Calculate the highest common divisor of m and y.
2
Let m = -46 + 67. Calculate the highest common divisor of 7 and m.
7
Suppose 8 = 5*j + 2*r - 17, 0 = 4*j - 5*r + 13. What is the greatest common divisor of j and 15?
3
Suppose -3*s + 3*d + 452 = -2*d, d = 2. What is the highest common factor of 14 and s?
14
Suppose 3*a + 2*i - 407 = 0, -3*a + 0*i = -3*i - 387. What is the greatest common divisor of a and 19?
19
Suppose 20 - 4 = x. What is the greatest common divisor of 32 and x?
16
Let u be -3 + 1 + 5 + 137. Calculate the highest common divisor of u and 28.
28
Let b(w) be the third derivative of w**5/60 + w**4/24 + w**3/6 - 2*w**2. Let x be b(-10). What is the greatest common divisor of 13 and x?
13
Suppose -4*q - 4*c = -792, -4*q + c + 218 = -564. Let v = q + -140. Suppose -42 = -m - 2*m. What is the highest common factor of v and m?
14
Let a(y) = y - 4. Let q be a(3). Let o be (q/2)/((-2)/(-24)). Let m be (-110)/o + 2/(-6). Calculate the greatest common factor of 27 and m.
9
Let c be 120/2 - 6/(-2). Calculate the greatest common divisor of 9 and c.
9
Suppose 5*b - 148 = 7. Let u = -70 + 163. Calculate the highest common divisor of b and u.
31
Let c(a) = a + 3. Let s be c(0). Let y(f) = f**3 + f**2 + f. Let r be y(s). Suppose -130 = 6*x - 11*x. What is the greatest common divisor of r and x?
13
Suppose -6 = -s + 1. Suppose -2*b = -s*b + 30. What is the highest common factor of b and 6?
6
Let d = 7 - -11. What is the highest common divisor of 90 and d?
18
Let v(k) = -5*k + 1. Let u be v(-1). Let z(i) = i + 3. Let q be z(6). What is the highest common factor of q and u?
3
Let t be 2/12*-2*6. Let v = 7 + t. Suppose -202 = -v*z + 48. Calculate the highest common divisor of 20 and z.
10
Let a be (-18)/4*(-40)/(-6). Let q = 59 + a. Suppose 2*m + m = 5*i - 93, q = i + 2*m. Calculate the greatest common factor of i and 42.
21
Let t(z) = -z**2 - 16*z - 6. Let f be t(-11). What is the greatest common divisor of f and 14?
7
Let w be 2*(33/(-2))/(-3). Suppose 0 = 5*n - 2*u + 32, 0*u + 2 = 2*u. Let y = n - -105. What is the greatest common divisor of w and y?
11
Let n(p) = -2*p + 1 - 2*p + p + 2*p. Let w be n(-3). What is the highest common factor of 28 and w?
4
Suppose -4 = 2*y, -2*f + y = 4*y - 834. Calculate the greatest common divisor of f and 60.
60
Let g(m) = m - 3. Let 